2. Let l(r) = -3*k(r) + 4*y(r). Suppose 2*u + 10 = u. Calculate l(u).
0
Let l(j) = -2*j**2 + 37*j - 74. Let q(u) = u**2 - 19*u + 38. Let x(m) = -6*l(m) - 11*q(m). Calculate x(11).
4
Let l be 32/(-8) - (-14 - -15). Let h(g) = 2*g**3 + 9*g**2 - 2*g + 10. What is h(l)?
-5
Let m = -62 - -65. Let j(h) = 4*h + 0*h + 8 + m - 4. What is j(-5)?
-13
Let q(f) = 23*f**2 - f - 25 + 39 - 10*f**2 + f**3 - 22. Determine q(-13).
5
Let a = -406 + 408. Let c(v) be the second derivative of 7*v + 0 + 3/2*v**a - 2/3*v**3. Calculate c(3).
-9
Suppose 0 = -5*h - 136 - 24. Let r = h - -34. Let z(s) = s**2 - 3*s + 1. What is z(r)?
-1
Let v(h) = 11*h + 18. Let k(c) = -c**2 + 7*c. Let q be k(6). Let w = 6 - -11. Let i(t) = -4*t - 6. Let z(m) = q*v(m) + w*i(m). Give z(6).
-6
Let c be ((-1)/2)/(2/(-12)). Suppose v - 2*f - 2 = -0*v, -4*v = c*f + 25. Let j(b) = -476 + 4*b + 474 + b**2 + 0*b**2. Give j(v).
-2
Let p(y) = -2*y - 7. Let g = -285 - -280. Determine p(g).
3
Let v = 3 - 2. Let n(o) = -o**3 + 2*o - 7. Let z(b) = b**2 + b - 1. Let w be 0 + (-6)/(-12)*-10. Let a(d) = v*n(d) + w*z(d). Determine a(-3).
-11
Let z(g) = 14*g**3 + 15*g**2 - 7*g - 11. Let j(a) = 23*a**3 + 29*a**2 - 15*a - 21. Let x(n) = -3*j(n) + 5*z(n). Calculate x(11).
-3
Let t = 715 + -714. Let z(r) = 10*r**3 - r**2 - r. Determine z(t).
8
Let a(t) be the second derivative of t**3/6 - t**2 + t + 2. Give a(3).
1
Let h(p) = -130*p - p**2 + 59*p + 10 + 61*p. What is h(-10)?
10
Let y(w) = -1 + 2 - 1 + 2*w. Let f be ((-3)/(-2))/(14/28). Determine y(f).
6
Let t(v) = -4*v**3 + 19*v**2 - 7*v + 15. Let h(x) = -2*x**3 + 9*x**2 - 4*x + 7. Let n(r) = 9*h(r) - 4*t(r). Calculate n(2).
-9
Let v = 73 - 67. Let g(f) be the first derivative of v*f - 4 - 5/2*f**2 - 1/3*f**3. Give g(-5).
6
Suppose z + 0 = -7. Let f(w) = -6*w**3 - 3*w**3 + 7 + w**3 + 7*w**3 - 6*w**2 + 10*w - 8. Determine f(z).
-22
Let w = -36 - -39. Let k(n) = n**3 + 5*n**2 + n + 7. Let q be k(-5). Let p(z) = -q*z + z - 4 + 3*z - w*z. Calculate p(-6).
2
Suppose -4*i - 12 = 0, 2*u = 3*i + 15 + 6. Let x(m) = m - 8. Suppose 2*l = 5*l - 15. Let y(t) = -2*t + 16. Let b(j) = l*x(j) + 3*y(j). Determine b(u).
2
Let o be 18*((-8)/(-4) - 1). Let d be -3*4*(-3)/o. Let l(t) = -t**3 + t**2 - 2*t + 3. Give l(d).
-5
Suppose 0 = -4*u - u + 30. Suppose 9*i - u*i = 18. Let a(s) be the second derivative of s**4/12 - 5*s**3/6 + s**2/2 + 5*s. What is a(i)?
7
Let p(a) = -a**3 + a**2 + a - 1. Let k be 3 + 13 - (-2 - 2). Let c be (-4)/k - 33/(-15). Give p(c).
-3
Let m(s) = 7*s**2 - 9*s + 6. Let p(d) = d**2 - 2*d + 1. Let x(g) = -m(g) + 5*p(g). Give x(0).
-1
Let c(j) be the first derivative of -3*j**2 - 4*j + 185. What is c(-4)?
20
Let h(d) = d**3 - 4*d**2 - 6*d + 2. Let i(j) = -j + 5. Let v be i(0). Give h(v).
-3
Let f(h) = 3*h + 23. Let p(v) = 7*v + 65. Let a(k) = 11*f(k) - 4*p(k). Calculate a(6).
23
Let p = 132 - 76. Let m(d) = -p*d + 31*d + 26*d + 3. Calculate m(3).
6
Let p(d) be the second derivative of d**5/20 + 5*d**4/12 - d**3/6 - 3*d**2/2 + 54*d - 1. Determine p(-5).
2
Let l(w) be the third derivative of w**6/120 + w**4/24 + 7*w**3/2 + w**2 + 39*w. Calculate l(0).
21
Let q(l) be the third derivative of 5*l**4/12 + l**3/3 + 180*l**2. What is q(-5)?
-48
Let c(h) = -12531 + 12517 - h + 9*h**2 + 3*h**2 + h**3. Give c(-12).
-2
Suppose -471*y + 465*y + 30 = 0. Let m = -3 - -4. Let z(t) = m - 1 - t - 4. Calculate z(y).
-9
Let b(h) = h**3 - 4*h**2 + h + 2. Suppose 10 = -g - v - 0*v, 2*v = 5*g + 64. Let z be (-2)/g - 11/(-6). Give b(z).
-4
Let q(m) = m**2 + 6*m - 1. Let h = -26 - -20. Calculate q(h).
-1
Let y(n) = 2*n + 21. Let c(s) = 7*s + 89. Let k be c(-14). Determine y(k).
3
Let g(d) = 2*d**3 + 4 + 2*d**3 - 1 + 2*d**2 - 327*d + 330*d - 3*d**3. What is g(-2)?
-3
Let y = -24 - -12. Let w be 30/y*(-16)/10. Let u(p) = -p**3 + p + 2*p**2 + p**2 + 4*p + 1. Give u(w).
5
Let t(c) = -34*c - 10. Let j(q) = 11*q + 3. Let o(s) = -10*j(s) - 3*t(s). Calculate o(2).
-16
Let s(w) = -6608*w + 4*w**3 + 14 + 6596*w - 10*w**2 - 3*w**3. What is s(11)?
3
Let d be (-192)/(-20) + ((-48)/(-20) - 2). Let n(i) = -9 + d*i - 8 + 23 + i**2. What is n(-8)?
-10
Let w(y) = -y**2 + 13*y - 43. Let f(n) = 2*n**2 + 16*n - 12. Let k be f(-9). Calculate w(k).
-1
Let x(a) = a**3 - 14*a**2 + 13*a + 10. Suppose 76 = 10*d - 54. Give x(d).
10
Let r(o) = 15*o**2 + 74*o - 2. Let l be r(-5). Let m(s) = 8*s + 1. Give m(l).
25
Let f be (-1)/((-2)/8)*(-96)/(-384). Let v(n) = n**2 - 5*n + 1. Let d(z) = 2*z**2 - 9*z + 2. Let s(y) = 3*d(y) - 5*v(y). Calculate s(f).
0
Let l(n) = 84*n**2 - 5*n + 48. Let f(p) = 42*p**2 - 2*p + 19. Let q(o) = 5*f(o) - 2*l(o). Determine q(1).
41
Suppose -3*b + 81 = -108. Let g be 4/(-14) - 360/b. Let d(p) be the first derivative of p**2/2 + 5*p + 2. Determine d(g).
-1
Let a be -4 - (-13)/((-26)/(-22)). Let t(x) be the first derivative of -1/2*x**2 + a - 3*x. Determine t(-3).
0
Let g be 1*(-2)/4*-12. Let j(h) be the second derivative of -1/6*h**3 + 0 + 17*h + 13/2*h**2. Give j(g).
7
Let a(m) be the third derivative of m**4/24 + m**3/3 + 31*m**2. What is a(-8)?
-6
Let t be (-21)/(-35) + (-22)/(-5). Let q(r) = -3*r - 2 + 3 - t - r**3 + 6*r**2. Give q(5).
6
Suppose 3*g - 28 = 2*y, 2*y + y + 15 = 0. Suppose -3*a = -a + g. Let b = a + 4. Let z(c) = 4*c**2 - 2*c + 1. What is z(b)?
3
Let w be -1 - (4 - 0 - -22). Let l = w - -30. Let r(b) = b**3 - 3*b**2 - 2*b. Give r(l).
-6
Let f(z) = -z**2 - 6*z + 9. Let b be f(-7). Let d(i) = i + 5. Let u be d(-3). Let j(y) = -u*y**2 - 4*y**2 - 3 + 4*y + 3*y**2 + 2*y**3. Calculate j(b).
9
Suppose 0 = -11*w + 241 - 175. Let t(c) = -c**3 + 5*c**2 + c + 26. Calculate t(w).
-4
Let b(x) = -x**3 + 10*x**2 + 3*x - 25. Let r be b(10). Suppose 1 = d + r. Let s(g) = -g**3 - 4*g**2 - g - 5. What is s(d)?
-1
Let q(o) = -o**3 + o**2 - o + 12. Let k be ((-1)/(-1) - 2) + 29. Suppose 5*g - 9*g = k. Let x = 7 + g. Calculate q(x).
12
Let h(m) = -12*m**3 + 49*m**2 - 12*m + 15. Let d(b) = -8*b**3 + 31*b**2 - 8*b + 10. Let n(p) = 8*d(p) - 5*h(p). Give n(2).
-23
Let v(r) = 3*r - 9 + 4 + 2*r - 2*r. Suppose 0*q - 54 = -3*q. Let z = q + -13. Give v(z).
10
Let i be (-3)/2*44/(-33). Let u be (-4 + 2)*i/2. Let f(j) be the second derivative of -j**3/3 + j. Determine f(u).
4
Let l(q) = 5*q - q**3 + 45 + 5*q**2 - 43 + 2*q**3. Suppose 4*u = 5*g + 16, 2*g = -2*g - 2*u + 8. Let t be 0 + (-6)/(2 + g). Determine l(t).
5
Let z(c) = -c**3 + 6*c**2 - c + 6. Suppose 0 = 66*j - 71*j - 4*r + 14, 4*j - 20 = -r. Calculate z(j).
0
Let o(j) = -2*j. Let q be -4 + (1 - 0/2). Let x be (-6 + 3)*(-1)/q. What is o(x)?
2
Suppose -3*w = l + 22, 2*l = 4*w - 0 + 46. Let a(t) = -t**2 - 7*t - 7. Give a(w).
-25
Let n(a) = a - 8. Let v be n(13). Let b(m) = -v*m + 6 - 4*m + 5*m + 2*m. Let p = -221 + 226. What is b(p)?
-4
Let c(b) = b**2 - 6*b - 6. Let h(z) = -z**3 + 7*z**2 - 7*z - 4. Let m be h(6). Let t be (3/(-6) - 55/m)*1. Determine c(t).
-11
Let g(y) = -3*y**2. Suppose -2 = s - 0*a - 4*a, 66 = 5*s - a. Suppose -23 + 9 = -s*l. What is g(l)?
-3
Let f(c) = -6*c - 2. Let x = 49 - 46. Suppose 3*k - 21 = 4*i, 8 = -5*i + x*k - 16. Determine f(i).
16
Let c(l) = -l**3 + 10*l**2 + 5*l + 4. Suppose -5*u = -125 + 180. Let s(o) = -2*o**3 + 19*o**2 + 10*o + 8. Let v(x) = u*c(x) + 6*s(x). Determine v(5).
4
Let u(n) = 3*n + 2. Suppose 18*d - 29*d = 55. Calculate u(d).
-13
Let x(a) = -232*a + 223*a - 8 + a**3 + 8*a**2 + 11. Give x(-9).
3
Suppose -6*c = 7*c - 8*c. Let d(x) = c*x**3 + 3*x**3 + 4*x**3 - 4*x**3 + x. Calculate d(-1).
-4
Let y(g) be the third derivative of 7*g**4/24 + g**3/2 + 3*g**2. What is y(-2)?
-11
Let s = -38 - -40. Let u(g) = -5*g**s - 3*g**2 - 43*g**3 + g + 44*g**3. Calculate u(8).
8
Let m(q) = -q**2 + 7*q + 2. Let z(d) = d**2 - 4*d - 111. Let w be z(13). Determine m(w).
8
Let g(d) = -d + 24. Suppose -2*x + 4*x = 18. Let s be g(x). Let t(l) = l**3 - 14*l**2 - 16*l + 9. Let b be t(s). Let c(o) = o + 12. Give c(b).
6
Let t = -17 - -17. Let r(d) = -15*d**3 - d + d**2 - 18 + 2*d + 14*d**3. Determine r(t).
-18
Let m(o) be the first derivative of -2*o**2 - 2*o + 5 - 2/3*o**3. Let r(l) = -l**2 - 4*l - 2. Let h be r(-4). Give m(h).
-2
Suppose -1 = -4*t - 5. Let k(y) = y + 15. Let x be k(-10). Let w be -10*t/(x/2). Let n(l) = 2*l - 6. Calculate n(w).
2
Let n(a) = -2*a + 2. Let s be n(-2). Let q(c) = -c**3 + 5*c**2 + 7*c - 2. Let l be q(